5 is divided by 10.
5
What is the remainder when 2893 is divided by 50?
43
Calculate the remainder when 109 is divided by 37.
35
What is the remainder when 652 is divided by 44?
36
What is the remainder when 8657 is divided by 6?
5
Calculate the remainder when 404 is divided by 180.
44
What is the remainder when 3752 is divided by 1872?
8
What is the remainder when 150 is divided by 77?
73
Calculate the remainder when 179 is divided by 97.
82
What is the remainder when 279 is divided by 31?
0
What is the remainder when 286 is divided by 71?
2
Calculate the remainder when 2650 is divided by 6.
4
Calculate the remainder when 7903 is divided by 16.
15
Calculate the remainder when 41664 is divided by 43.
40
Calculate the remainder when 664 is divided by 115.
89
Calculate the remainder when 391 is divided by 71.
36
What is the remainder when 275 is divided by 35?
30
What is the remainder when 6263 is divided by 216?
215
Calculate the remainder when 647 is divided by 21.
17
What is the remainder when 39 is divided by 14?
11
What is the remainder when 201 is divided by 76?
49
What is the remainder when 408 is divided by 106?
90
What is the remainder when 123 is divided by 43?
37
What is the remainder when 485 is divided by 8?
5
Calculate the remainder when 4416 is divided by 65.
61
What is the remainder when 63 is divided by 5?
3
What is the remainder when 330 is divided by 53?
12
Calculate the remainder when 89 is divided by 13.
11
What is the remainder when 467 is divided by 347?
120
Calculate the remainder when 83 is divided by 63.
20
What is the remainder when 77 is divided by 19?
1
Calculate the remainder when 304 is divided by 19.
0
Calculate the remainder when 457 is divided by 34.
15
What is the remainder when 538 is divided by 49?
48
Calculate the remainder when 3330 is divided by 553.
12
What is the remainder when 12866 is divided by 130?
126
Calculate the remainder when 65 is divided by 2.
1
What is the remainder when 89 is divided by 30?
29
Calculate the remainder when 701 is divided by 143.
129
What is the remainder when 3167 is divided by 66?
65
Calculate the remainder when 3315 is divided by 275.
15
Calculate the remainder when 1066 is divided by 135.
121
Calculate the remainder when 101 is divided by 52.
49
What is the remainder when 148 is divided by 32?
20
Calculate the remainder when 440 is divided by 151.
138
What is the remainder when 264 is divided by 38?
36
Calculate the remainder when 54 is divided by 49.
5
Calculate the remainder when 74 is divided by 6.
2
What is the remainder when 688 is divided by 13?
12
What is the remainder when 264 is divided by 72?
48
Calculate the remainder when 71 is divided by 17.
3
What is the remainder when 147 is divided by 15?
12
Calculate the remainder when 151 is divided by 8.
7
What is the remainder when 105 is divided by 80?
25
What is the remainder when 265 is divided by 90?
85
What is the remainder when 58 is divided by 36?
22
What is the remainder when 1529 is divided by 195?
164
Calculate the remainder when 3358 is divided by 419.
6
Calculate the remainder when 4755 is divided by 119.
114
What is the remainder when 183 is divided by 89?
5
Calculate the remainder when 251 is divided by 15.
11
Calculate the remainder when 1286 is divided by 261.
242
Calculate the remainder when 125 is divided by 37.
14
What is the remainder when 1156 is divided by 3?
1
What is the remainder when 1341 is divided by 169?
158
Calculate the remainder when 457 is divided by 227.
3
What is the remainder when 162 is divided by 41?
39
Calculate the remainder when 845 is divided by 415.
15
What is the remainder when 21059 is divided by 81?
80
Calculate the remainder when 1642 is divided by 17.
10
What is the remainder when 804 is divided by 57?
6
Calculate the remainder when 126 is divided by 7.
0
What is the remainder when 62 is divided by 7?
6
Calculate the remainder when 375 is divided by 42.
39
Calculate the remainder when 233 is divided by 70.
23
Calculate the remainder when 6356 is divided by 907.
7
Calculate the remainder when 154 is divided by 23.
16
What is the remainder when 496 is divided by 128?
112
What is the remainder when 1010 is divided by 13?
9
What is the remainder when 331 is divided by 66?
1
What is the remainder when 524 is divided by 15?
14
Calculate the remainder when 488 is divided by 117.
20
What is the remainder when 207 is divided by 30?
27
Calculate the remainder when 353 is divided by 3.
2
What is the remainder when 153 is divided by 40?
33
Calculate the remainder when 6508 is divided by 70.
68
Calculate the remainder when 825 is divided by 44.
33
Calculate the remainder when 814 is divided by 163.
162
What is the remainder when 497 is divided by 42?
35
Calculate the remainder when 223 is divided by 11.
3
What is the remainder when 420 is divided by 32?
4
What is the remainder when 464 is divided by 150?
14
Calculate the remainder when 85 is divided by 10.
5
Calculate the remainder when 25 is divided by 9.
7
Calculate the remainder when 12344 is divided by 15.
14
Calculate the remainder when 184 is divided by 34.
14
Calculate the remainder when 2429 is divided by 81.
80
Calculate the remainder when 58 is divided by 30.
28
What is the remainder when 80 is divided by 49?
31
What is the remainder when 1037 is divided by 333?
38
What is the remainder when 185 is divided by 71?
43
Calculate the remainder when 701 is divided by 104.
77
Calculate the remainder when 84 is divided by 24.
12
Calculate the remainder when 573 is divided by 110.
23
Calculate the remainder when 747 is divided by 47.
42
Calculate the remainder when 768 is divided by 255.
3
Calculate the remainder when 3749 is divided by 30.
29
Calculate the remainder when 386 is divided by 133.
120
What is the remainder when 619 is divided by 42?
31
What is the remainder when 614 is divided by 41?
40
What is the remainder when 251 is divided by 10?
1
Calculate the remainder when 200 is divided by 64.
8
What is the remainder when 279 is divided by 28?
27
What is the remainder when 1997 is divided by 9?
8
What is the remainder when 179 is divided by 93?
86
Calculate the remainder when 167 is divided by 13.
11
What is the remainder when 216 is divided by 20?
16
Calculate the remainder when 65 is divided by 23.
19
What is the remainder when 1731 is divided by 34?
31
What is the remainder when 3103 is divided by 61?
53
What is the remainder when 1439 is divided by 48?
47
Calculate the remainder when 133 is divided by 12.
1
What is the remainder when 15 is divided by 3?
0
Calculate the remainder when 40 is divided by 25.
15
What is the remainder when 146 is divided by 36?
2
Calculate the remainder when 176 is divided by 20.
16
What is the remainder when 5759 is divided by 103?
94
What is the remainder when 27598 is divided by 184?
182
Calculate the remainder when 2471 is divided by 2463.
8
What is the remainder when 184 is divided by 24?
16
Calculate the remainder when 127 is divided by 37.
16
What is the remainder when 331 is divided by 48?
43
Calculate the remainder when 121 is divided by 35.
16
Calculate the remainder when 102 is divided by 36.
30
What is the remainder when 15605 is divided by 17?
16
Calculate the remainder when 334 is divided by 86.
76
Calculate the remainder when 193 is divided by 39.
37
Calculate the remainder when 35 is divided by 18.
17
Calculate the remainder when 220 is divided by 50.
20
Calculate the remainder when 347 is divided by 170.
7
What is the remainder when 1162 is divided by 165?
7
What is the remainder when 12479 is divided by 156?
155
What is the remainder when 767 is divided by 748?
19
What is the remainder when 3974 is divided by 102?
98
Calculate the remainder when 517 is divided by 108.
85
What is the remainder when 1080 is divided by 57?
54
What is the remainder when 4729 is divided by 57?
55
What is the remainder when 9393 is divided by 22?
21
Calculate the remainder when 3765 is divided by 24.
21
What is the remainder when 178 is divided by 45?
43
What is the remainder when 44 is divided by 22?
0
Calculate the remainder when 269 is divided by 90.
89
What is the remainder when 2909 is divided by 118?
77
What is the remainder when 658 is divided by 329?
0
What is the remainder when 92 is di